{"id":224101,"date":"2024-02-09T22:51:06","date_gmt":"2024-02-09T21:51:06","guid":{"rendered":"https:\/\/www.kjr-sw.de\/events-bricks\/?page_id=224101"},"modified":"2026-03-07T21:08:11","modified_gmt":"2026-03-07T20:08:11","slug":"vollversammlung","status":"publish","type":"page","link":"https:\/\/www.kjr-sw.de\/veranstaltungen\/vollversammlung\/","title":{"rendered":"Vollversammlung"},"content":{"rendered":"\n<p style=\"background-color:transparent;color:#808080;padding:20px;border-radius:5px\" class=\"wp-block-eventon-blocks-evo-eventon-main\"><!-- EventON Calendar --><div id='evcal_calendar_803' class='list_cal ajde_evcal_calendar boxy color tbg1 boxstyle0 box_2 ul etttc_custom ' data-cal=''><div id='evcal_head' class='calendar_header ' ><div class='evo_cal_above evodfx evofx_dr_r marb5 evofx_ww'><button class='cal_head_btn evo-gototoday-btn' style='' data-mo='4' data-yr='2026' data-dy='' aria-label='Go to today'>Current Month<\/button><\/div><div class='evo_cal_above_content'><\/div><div class='evo_header_title '><\/div><\/div><div class='evo_filter_bar evo_main_filter_bar eventon_sorting_section '><div class='evo_filter_container evodfx evo_fx_ai_c'><div class='evo_filter_container_in'><div class='eventon_filter_line' ><div class='evo_loading_bar_holder h100 loading_filters swipe' style='min-height:30px;'><div class='nesthold r g10'><div class='evo_loading_bar wid_100% hi_30px' style='width:100%; height:30px; margin-bottom:1px;'><\/div><div class='evo_loading_bar wid_100% hi_30px' style='width:100%; height:30px; margin-bottom:1px;'><\/div><div class='evo_loading_bar wid_100% hi_30px' style='width:100%; height:30px; margin-bottom:1px;'><\/div><div class='evo_loading_bar wid_100% hi_30px' style='width:100%; height:30px; margin-bottom:1px;'><\/div><div class='evo_loading_bar wid_100% hi_30px' style='width:100%; height:30px; margin-bottom:1px;'><\/div><\/div><\/div><\/div><\/div><div class='evo_filter_nav evo_filter_l'><i class='fa fa-chevron-left'><\/i><\/div><div class='evo_filter_nav evo_filter_r'><i class='fa fa-chevron-right'><\/i><\/div><\/div><div class='evo_filter_aply_btns'><\/div><div class='evo_filter_menu'><\/div><\/div><div id='eventon_loadbar_section'><div id='eventon_loadbar'><\/div><\/div><!-- Events List --><div class='evo_events_list_box'><div id='evcal_list' class='eventon_events_list sep_months evcal_list_month'><div class='evcal_month_line' data-d='eml_5_2026' data-su='1777586400'><p>Mai<\/p><\/div><div class='sep_month_events ' data-d='eml_5_2026' data-range='1777586400_1780264799'><div style=\"min-height: 300px;\" id=\"event_225130_0\" class=\"eventon_list_event evo_eventtop scheduled  event clrD hasbgimg event_225130_0\" data-event_id=\"225130\" data-ri=\"0r\" data-time=\"1778518800-1778529600\" data-colr=\"#2474b9\" itemscope itemtype='http:\/\/schema.org\/Event'><div class=\"evo_event_schema\" style=\"display:none\" ><a itemprop='url'  href='https:\/\/www.kjr-sw.de\/veranstaltungen\/events\/vollversammlung\/'><\/a><meta itemprop='image' content=\"https:\/\/www.kjr-sw.de\/veranstaltungen\/wp-content\/uploads\/sites\/2\/2026\/03\/Vollversammlung-abgesagt-.png\" \/><meta itemprop='startDate' content=\"2026-5-11T19:00+2:00\" \/><meta itemprop='endDate' content=\"2026-5-11T22:00+2:00\" \/><meta itemprop='eventStatus' content=\"https:\/\/schema.org\/EventScheduled\" \/><meta itemprop='eventAttendanceMode'   itemscope itemtype=\"https:\/\/schema.org\/OfflineEventAttendanceMode\"\/><script type=\"application\/ld+json\">{\"@context\": \"http:\/\/schema.org\",\"@type\": \"Event\",\n\t\t\t\t\"@id\": \"event_225130_0\",\n\t\t\t\t\"eventAttendanceMode\":\"https:\/\/schema.org\/OfflineEventAttendanceMode\",\n\t\t\t\t\"eventStatus\":\"https:\/\/schema.org\/EventScheduled\",\n\t\t\t\t\"name\": \"Vollversammlung\",\n\t\t\t\t\"url\": \"https:\/\/www.kjr-sw.de\/veranstaltungen\/events\/vollversammlung\/\",\n\t\t\t\t\"startDate\": \"2026-5-11T19:00+2:00\",\n\t\t\t\t\"endDate\": \"2026-5-11T22:00+2:00\",\n\t\t\t\t\"image\":\"https:\/\/www.kjr-sw.de\/veranstaltungen\/wp-content\/uploads\/sites\/2\/2026\/03\/Vollversammlung-abgesagt-.png\", \n\t\t\t\t\"description\":\"<!-- wp:paragraph {'align':'left','placeholder':'Add Event Description...','lock':{'move':false,'remove':false}} --> <p class='has-text-align-left'>Liebe Delegierte,<br>sehr geehrte Damen und Herren,<br><\/p> <!-- \/wp:paragraph -->  <!-- wp:paragraph {'align':'center','placeholder':'Add Event Description...','lock':{'move':false,'remove':false}} --> <p class='has-text-align-center'>gemeinsam gestalten wir die Zukunft der Jugendarbeit im Landkreis \u2013 deshalb laden wir euch herzlich zur Vollversammlung des Kreisjugendrings Schweinfurt ein.<br><strong>Datum:<\/strong> 11.05.2026<br><strong>Uhrzeit: <\/strong>19:00 Uhr<br><strong>Come Together:<\/strong> 18.15 Uhr mit Verpflegung<br><strong>Ort:<\/strong> Landratsamt Schweinfurt (Gro\u00dfer Sitzungssaal \u2013 Zugang \u00fcber Au\u00dfentreppe),<br>Schrammstra\u00dfe 1, 97421 Schweinfurt<br><\/p> <!-- \/wp:paragraph -->  <!-- wp:paragraph {'align':'left','placeholder':'Add Event Description...','lock':{'move':false,'remove':false}} --> <p class='has-text-align-left'><strong>Melde dich an!<\/strong><br>Bis zum 08.05.2026 online \u00fcber unsere Homepage https:\/\/www.kjr-sw.de\/veranstaltungen\/vollver-sammlung\/. Falls ihr verhindert seid, denkt bitte daran, eine\/n Ersatzdelegierte\/n rechtzeitig zu be-nennen \u2013 so bleibt eure Stimme nicht ungeh\u00f6rt!<br><strong>Antr\u00e4ge einreichen:<\/strong><br>Ihr habt ein Anliegen oder m\u00f6chtet einen Antrag stellen? Dann nutzt eure Chance:<br>Nach \u00a7 3 Abs. 2 der Grundsatzgesch\u00e4ftsordnung m\u00fcssen Antr\u00e4ge sp\u00e4testens drei Wochen vor der Vollversammlung, also bis zum 20.04.2026, in Textform beim Vorstand des Kreisjugendrings ein-gereicht werden.<br><strong>Sitzungsunterlagen:<\/strong><br>Die vorl\u00e4ufige Tagesordnung findet ihr untenstehend. Alle relevanten Unterlagen werden mit der zweiten Einladung verschickt bzw. stehen auf unserer Homepage zum Download bereit.<br><\/p> <!-- \/wp:paragraph -->  <!-- wp:paragraph {'align':'left','placeholder':'Add Event Description...','lock':{'move':false,'remove':false}} --> <p class='has-text-align-left'>Wir freuen uns auf ein Wiedersehen \u2013 denn nur gemeinsam k\u00f6nnen wir etwas bewegen!<\/p> <!-- \/wp:paragraph -->  <!-- wp:paragraph {'placeholder':'Add Event Description...','lock':{'move':false,'remove':false}} --> <p><\/p> <!-- \/wp:paragraph -->\"}<\/script><\/div>\r\n\t\t\t\t<p class=\"desc_trig_outter\" style=\"background-image:url(https:\/\/www.kjr-sw.de\/veranstaltungen\/wp-content\/uploads\/sites\/2\/2026\/03\/Vollversammlung-abgesagt-.png);background-color:#2474b9;\"><a data-gmap_status=\"null\" data-exlk=\"0\" id=\"evc_1778518800225130\" href=\"https:\/\/www.kjr-sw.de\/veranstaltungen\/events\/vollversammlung\/\" class=\"hasFtIMG desc_trig sin_val evcal_list_a\" data-ux_val=\"4\" data-ux_val_mob=\"-\"  ><span class='evoet_c1 evoet_cx '><span class='evoet_cy ev_ftImg evotrans imgFxdef' data-img='https:\/\/www.kjr-sw.de\/veranstaltungen\/wp-content\/uploads\/sites\/2\/2026\/03\/Vollversammlung-abgesagt-.png' data-thumb='https:\/\/www.kjr-sw.de\/veranstaltungen\/wp-content\/uploads\/sites\/2\/2026\/03\/Vollversammlung-abgesagt--800x671.png' style='background-image:url(\"https:\/\/www.kjr-sw.de\/veranstaltungen\/wp-content\/uploads\/sites\/2\/2026\/03\/Vollversammlung-abgesagt--800x671.png\")' ><\/span><\/span><span class='evoet_c2 evoet_cx '><span class='evoet_dayblock evcal_cblock ' data-bgcolor='#2474b9' data-smon='Mai' data-syr='2026' data-bub=''><span class='evo_start  evofxdrc'><em class='date'>11<\/em><em class='month'>Mai<\/em><em class='time'>19:00<\/em><\/span><span class='evo_end only_time evofxdrc'><em class='time'>22:00<\/em><\/span><\/span><\/span><span class='evoet_c3 evoet_cx evcal_desc hide_eventtopdata '><span class='evoet_title evcal_desc2 evcal_event_title ' itemprop='name'>Vollversammlung<\/span><\/span><span class='evoet_data' data-d=\"{&quot;loc.n&quot;:&quot;Landratsamt Schweinfurt&quot;,&quot;orgs&quot;:[],&quot;tags&quot;:[]}\" data-bgc=\"#2474b9\" data-bggrad=\"\" ><\/span><\/a><\/p><div class='clear end'><\/div><\/div><\/div>\t\t\t<\/div>\r\n\t\t\t<\/div><!-- evo_events_list_box -->\t\r\n\t\t\t<div class='clear'><\/div>\r\n\t\t\t\t\t \t<div id='evcal_footer' class='evo_bottom' style='display:none'>\r\n\t\t \t\t<div class='evo_cal_data' data-sc=\"{&quot;accord&quot;:&quot;no&quot;,&quot;bottom_nav&quot;:&quot;no&quot;,&quot;cal_id&quot;:&quot;&quot;,&quot;cal_init_nonajax&quot;:&quot;no&quot;,&quot;calendar_type&quot;:&quot;list&quot;,&quot;ep_fields&quot;:&quot;&quot;,&quot;etc_override&quot;:&quot;yes&quot;,&quot;evc_open&quot;:&quot;no&quot;,&quot;event_count&quot;:&quot;100&quot;,&quot;event_location&quot;:&quot;all&quot;,&quot;event_order&quot;:&quot;ASC&quot;,&quot;event_organizer&quot;:&quot;all&quot;,&quot;event_parts&quot;:&quot;no&quot;,&quot;event_past_future&quot;:&quot;all&quot;,&quot;event_status&quot;:&quot;all&quot;,&quot;event_tag&quot;:&quot;all&quot;,&quot;event_type&quot;:&quot;21,&quot;,&quot;event_type_2&quot;:&quot;all&quot;,&quot;event_virtual&quot;:&quot;all&quot;,&quot;eventtop_date_style&quot;:0,&quot;eventtop_style&quot;:&quot;2&quot;,&quot;exp_jumper&quot;:&quot;no&quot;,&quot;exp_so&quot;:&quot;no&quot;,&quot;filter_relationship&quot;:&quot;AND&quot;,&quot;filter_show_set_only&quot;:&quot;no&quot;,&quot;filter_style&quot;:&quot;default&quot;,&quot;filter_type&quot;:&quot;default&quot;,&quot;filters&quot;:&quot;yes&quot;,&quot;fixed_month&quot;:&quot;4&quot;,&quot;fixed_year&quot;:&quot;2026&quot;,&quot;focus_end_date_range&quot;:&quot;1806530399&quot;,&quot;focus_start_date_range&quot;:&quot;1774994400&quot;,&quot;ft_event_priority&quot;:&quot;no&quot;,&quot;hide_arrows&quot;:&quot;no&quot;,&quot;hide_cancels&quot;:&quot;no&quot;,&quot;hide_empty_months&quot;:&quot;yes&quot;,&quot;hide_end_time&quot;:&quot;no&quot;,&quot;hide_et_dn&quot;:&quot;no&quot;,&quot;hide_et_extra&quot;:&quot;no&quot;,&quot;hide_et_tags&quot;:&quot;no&quot;,&quot;hide_et_tl&quot;:&quot;no&quot;,&quot;hide_ft&quot;:&quot;no&quot;,&quot;hide_ft_img&quot;:&quot;no&quot;,&quot;hide_month_headers&quot;:&quot;no&quot;,&quot;hide_mult_occur&quot;:&quot;yes&quot;,&quot;hide_past&quot;:&quot;no&quot;,&quot;hide_past_by&quot;:&quot;ee&quot;,&quot;hide_so&quot;:&quot;no&quot;,&quot;ics&quot;:&quot;no&quot;,&quot;jumper&quot;:&quot;no&quot;,&quot;jumper_count&quot;:5,&quot;jumper_offset&quot;:&quot;0&quot;,&quot;lang&quot;:&quot;L1&quot;,&quot;layout_changer&quot;:&quot;no&quot;,&quot;livenow_bar&quot;:&quot;yes&quot;,&quot;mapformat&quot;:&quot;roadmap&quot;,&quot;mapiconurl&quot;:&quot;&quot;,&quot;maps_load&quot;:&quot;yes&quot;,&quot;mapscroll&quot;:&quot;true&quot;,&quot;mapzoom&quot;:&quot;18&quot;,&quot;members_only&quot;:&quot;no&quot;,&quot;ml_priority&quot;:&quot;no&quot;,&quot;ml_toend&quot;:&quot;no&quot;,&quot;month_incre&quot;:0,&quot;number_of_months&quot;:&quot;12&quot;,&quot;only_ft&quot;:&quot;no&quot;,&quot;pec&quot;:&quot;&quot;,&quot;s&quot;:&quot;&quot;,&quot;search&quot;:&quot;&quot;,&quot;search_all&quot;:&quot;no&quot;,&quot;sep_month&quot;:&quot;yes&quot;,&quot;show_et_ft_img&quot;:&quot;yes&quot;,&quot;show_limit&quot;:&quot;no&quot;,&quot;show_limit_ajax&quot;:&quot;no&quot;,&quot;show_limit_paged&quot;:1,&quot;show_limit_redir&quot;:&quot;&quot;,&quot;show_repeats&quot;:&quot;no&quot;,&quot;show_search&quot;:&quot;no&quot;,&quot;show_upcoming&quot;:0,&quot;show_year&quot;:&quot;no&quot;,&quot;social_share&quot;:&quot;no&quot;,&quot;sort_by&quot;:&quot;sort_date&quot;,&quot;tile_bg&quot;:&quot;1&quot;,&quot;tile_bg_size&quot;:&quot;full&quot;,&quot;tile_count&quot;:&quot;2&quot;,&quot;tile_height&quot;:&quot;300&quot;,&quot;tile_style&quot;:0,&quot;tiles&quot;:&quot;yes&quot;,&quot;ux_val&quot;:&quot;4&quot;,&quot;view_switcher&quot;:&quot;no&quot;,&quot;wpml_l1&quot;:&quot;&quot;,&quot;wpml_l2&quot;:&quot;&quot;,&quot;wpml_l3&quot;:&quot;&quot;,&quot;x_ids&quot;:&quot;&quot;,&quot;yl_priority&quot;:&quot;no&quot;,&quot;yl_toend&quot;:&quot;no&quot;,&quot;fixed_day&quot;:&quot;21&quot;,&quot;_cver&quot;:&quot;5.0.6&quot;}\" data-filter_data=\"[]\" data-nav_data=\"{&quot;month_title&quot;:&quot;&lt;p id=&#039;evcal_cur&#039; class=&#039;evo_month_title padr10&#039;&gt; April, 2026&lt;\\\/p&gt;&quot;,&quot;arrows&quot;:&quot;&lt;p class=&#039;evo_arrows&#039;&gt;\\r\\n\\t\\t\\t\\t\\t&lt;button id=&#039;evcal_prev&#039; class=&#039;evcal_arrows evcal_btn_prev evodfx evofx_jc_c evofx_ai_c&#039; aria-label=&#039;Previous Month&#039;&gt;&lt;i class=&#039;fa fa-chevron-left&#039; aria-hidden=&#039;true&#039;&gt;&lt;\\\/i&gt;&lt;\\\/button&gt;\\r\\n\\t\\t\\t\\t\\t&lt;button id=&#039;evcal_next&#039; class=&#039;evcal_arrows evo_arrow_next evcal_btn_next evodfx evofx_jc_c evofx_ai_c&#039; aria-label=&#039;Next Month&#039;&gt;&lt;i class=&#039;fa fa-chevron-right&#039; aria-hidden=&#039;true&#039;&gt;&lt;\\\/i&gt;&lt;\\\/button&gt;\\r\\n\\t\\t\\t\\t\\t&lt;\\\/p&gt;&quot;}\" data-od=\"{&quot;lang_no_events&quot;:&quot;No Events&quot;,&quot;cal_tz_offset&quot;:120,&quot;cal_tz&quot;:&quot;Europe\\\/Berlin&quot;}\" ><\/div>\r\n\t\t \t\t<div class='evo_cal_events' data-events=\"\"><\/div>\r\n\t\t \t<\/div>\r\n\t\t\t\t\r\n\t\t\t\r\n\t\t\t\t\t\t<\/div><!-- EventON End -->\r\n\t\t\t<\/p>\n","protected":false},"excerpt":{"rendered":"","protected":false},"author":1,"featured_media":0,"parent":0,"menu_order":0,"comment_status":"closed","ping_status":"closed","template":"","meta":{"_acf_changed":false,"footnotes":""},"class_list":["post-224101","page","type-page","status-publish","hentry"],"acf":[],"_links":{"self":[{"href":"https:\/\/www.kjr-sw.de\/veranstaltungen\/wp-json\/wp\/v2\/pages\/224101","targetHints":{"allow":["GET"]}}],"collection":[{"href":"https:\/\/www.kjr-sw.de\/veranstaltungen\/wp-json\/wp\/v2\/pages"}],"about":[{"href":"https:\/\/www.kjr-sw.de\/veranstaltungen\/wp-json\/wp\/v2\/types\/page"}],"author":[{"embeddable":true,"href":"https:\/\/www.kjr-sw.de\/veranstaltungen\/wp-json\/wp\/v2\/users\/1"}],"replies":[{"embeddable":true,"href":"https:\/\/www.kjr-sw.de\/veranstaltungen\/wp-json\/wp\/v2\/comments?post=224101"}],"version-history":[{"count":5,"href":"https:\/\/www.kjr-sw.de\/veranstaltungen\/wp-json\/wp\/v2\/pages\/224101\/revisions"}],"predecessor-version":[{"id":225133,"href":"https:\/\/www.kjr-sw.de\/veranstaltungen\/wp-json\/wp\/v2\/pages\/224101\/revisions\/225133"}],"wp:attachment":[{"href":"https:\/\/www.kjr-sw.de\/veranstaltungen\/wp-json\/wp\/v2\/media?parent=224101"}],"curies":[{"name":"wp","href":"https:\/\/api.w.org\/{rel}","templated":true}]}}